Suppose 0*k = k. Let s(r) = r**3 - r**2 + r + 7. What is s(k)?
7
Let h = 4 - 2. Let g(m) = -8 - m - h + 4. What is g(0)?
-6
Suppose 5*r = -3*s - 25 - 30, r - 5*s - 17 = 0. Let h be -3*3/(-9)*5. Let j = r + h. Let o(k) = -k**2 - 2*k - 4. Determine o(j).
-7
Let a(w) = 2*w**2 + 3*w + 7. Let y(t) = -t**2 - 2*t - 3. Let h be (-5)/((2/2)/(-1)). Let m(i) = h*y(i) + 2*a(i). What is m(-5)?
-6
Let w = 4 - 0. Let d(j) = j + 7. Let b be d(-5). Let f(o) = -4*o + 5 + o + b*o. Determine f(w).
1
Suppose 0 = -3*s + 3*p - 3, 3 = -3*s + 5*p - 2. Suppose -3*h - 3 = -s*h. Let y(c) = 0 - 1 + 0 - 4*c. Calculate y(h).
3
Let b = -8 - -1. Let p(g) = 2*g**3 - 2*g**2 + 3*g - 6. Let m(n) = 5*n**3 - 5*n**2 + 7*n - 11. Let s(o) = b*p(o) + 3*m(o). Determine s(0).
9
Suppose 7 = b - 4*k, -4*b = -b - 5*k - 7. Let l(q) = q + 11. Let j(p) = 2. Let x(g) = 11*j(g) - 2*l(g). Calculate x(b).
2
Let i(m) = -3*m**3 - 3*m**2 - 2. Let d(z) = -16*z**3 - 14*z**2 - 10. Let f(y) = 2*d(y) - 11*i(y). Suppose -3*u - 25 = 2*u. What is f(u)?
2
Let n(k) = 2*k**3 + 4*k**2 + 3*k. Let q(s) = -s**3 - 3*s**2 - 2*s - 1. Let z(h) = 2*n(h) + 3*q(h). Suppose 2*v = -g + 4, -16 = -4*g - 5*v - 6. Give z(g).
-3
Let z(x) be the first derivative of x**2 - x + 2. Suppose o + 4*l - 9 = -3, 3*o + 3*l = 9. Give z(o).
3
Let n(d) be the third derivative of -d**7/1680 - d**5/60 + 5*d**2. Let x(v) be the third derivative of n(v). Determine x(2).
-6
Let o(i) = 2*i - 4. Let w = -57 + 53. Determine o(w).
-12
Let i(m) = m**2 - m**3 + 2 - m**3 - 3 - 2*m + 3*m**3. Determine i(2).
7
Let u(p) = -2*p + 5. Let f(k) = -k + 4. Let m(c) = 6*f(c) - 5*u(c). Determine m(-3).
-13
Let z(l) = l**3 + 4*l**2 + l + 2. Let k = 2 - -2. Suppose -5*j + k - 24 = 0. Determine z(j).
-2
Let b(y) = 4*y**3 - y - 3*y**3 - 5*y**2 + 2*y**2. Give b(3).
-3
Let y(s) = 14*s**3 - s**2 + s + 1. Let w(l) = -2*l**2 + 26*l - 1. Let o be w(13). Determine y(o).
-15
Let q(b) be the third derivative of -b**4/12 + b**3/2 + 2*b**2. Let s(n) = n**2 - 6*n - 3. Let l be s(6). Determine q(l).
9
Let v(h) = h**3 + 4*h**2 - 3*h - 6. Suppose 2*c + 3*n = -13 - 2, -3*n = c + 15. Suppose 0 = -c*x - x - 4. Calculate v(x).
6
Suppose -14*h + 16*h = -5*u + 45, -20 = -4*h. Let k(y) = -y**2 + 7*y + 5. Calculate k(u).
5
Suppose -5*u + 5 = 0, -8 - 2 = 2*w + 2*u. Let s(f) = -f**3 - 7*f**2 - 8*f - 7. What is s(w)?
5
Let q(m) = -42 - 50 + 0*m + 2*m + 85. Let k(z) = 5*z. Let y be k(1). Calculate q(y).
3
Let n(z) = -3*z**2 - z. Suppose -5 = -k - 2*k + x, 0 = -3*x + 3. Suppose 3 = -k*g - g. Calculate n(g).
-2
Let l(f) = -5*f**2 - 4*f**3 + 5*f**3 - 5 + 3*f + 0. Calculate l(5).
10
Suppose 0 - 2 = -v. Let g = -5 + v. Let h(i) = 13*i**2 + 7*i - 5. Let d(y) = 3*y**2 + 2*y - 1. Let o(b) = 9*d(b) - 2*h(b). Give o(g).
-2
Let p(r) = -9*r**3 - 3*r**2 - 6*r - 19. Let d = 15 + -22. Let u(k) = 4*k**3 + 2*k**2 + 3*k + 9. Let q(t) = d*u(t) - 3*p(t). What is q(-4)?
-10
Suppose 0*g - 3*g + j = -1, -3*g - 3*j = 3. Let k(h) = -2*h - 2. Let x be k(-2). Let u(y) = 2*y**2 - 2 - 2*y**x - 1 - y**2. Determine u(g).
-3
Let z(f) be the third derivative of f**5/60 - 7*f**4/24 + 3*f**3/2 + 12*f**2. Determine z(7).
9
Let b(z) be the first derivative of z**3/3 - 2*z**2 + z - 1. Let y = -14 + 12. Let j(i) = -3*i - 2. Let n be j(y). What is b(n)?
1
Let t = -49 + 34. Let h = t - -13. Let a(g) = 1. Let p(d) = -4*d. Let i(r) = 2*a(r) + p(r). What is i(h)?
10
Let f(d) = -d + 2. Let a be f(5). Let u(i) = 2*i - 7. Let b(s) = 2*s - 7. Let g(y) = a*u(y) + 2*b(y). Suppose -4*k + 21 = 1. Calculate g(k).
-3
Suppose -m + 2*l = -2 + 1, -13 = 2*m + l. Let j(t) = t**3 + 5*t**2 + 3*t. Calculate j(m).
-15
Let s(w) = -w**3 + 11*w**2 + 12*w - 3. Suppose -17*z = -16*z - 12. Determine s(z).
-3
Let z(f) = -f**2 - 5*f - 4. Let v be z(-3). Let u be -3 + 4 - (1 + -2). Let y = u + v. Let k(j) = -3*j + 6. Determine k(y).
-6
Let b(o) = -6*o - 6. Let m(w) = -5*w - 5. Let x(s) = -4*b(s) + 5*m(s). Calculate x(0).
-1
Let h(r) = -2*r + 6*r + 4*r - r**2 - 7. Determine h(6).
5
Let t(u) = -3*u - 1. Let v = -10 + 8. Let j = v + 3. What is t(j)?
-4
Suppose -23*v - 10 = -25*v. Let g(n) = -6*n**3 + 9*n**2 + 4*n + 1. Let l(u) = 5*u**3 - 8*u**2 - 4*u. Let d(j) = v*l(j) + 4*g(j). What is d(4)?
-12
Let a(m) = 7*m + 4. Let r(s) = 3*s + 2. Let n(y) = -4*a(y) + 9*r(y). Calculate n(-3).
5
Let n = 7 - 11. Let q(b) = b**2 - 1. Let p(r) = -3*r**2 + 7*r + 8. Let f(o) = p(o) + 4*q(o). Calculate f(n).
-8
Let u = -7 - -12. Let n = -1 + u. Let q = n - 8. Let r(i) = i + 5. Calculate r(q).
1
Let n(h) = 3*h - 7. Let j(w) = w + 1. Let y(q) = -5*q - 10. Let i(c) = 6*j(c) + y(c). Let f(d) = 5*i(d) - 2*n(d). What is f(-5)?
-1
Let p(u) = -u**2 + 5*u + 7. Let k(t) = t**2 - 5*t - 8. Let f be k(-2). What is p(f)?
1
Suppose 22 = 5*d - 2*z, -z = -3*d - 2*z + 11. Let b(x) = 2*x**2 - 2*x - 5. Determine b(d).
19
Let s be (-4)/4 - (-4 + 0). Let g(a) = a + 3. Calculate g(s).
6
Let a(o) = -6*o**2 + 1. Let q be (-3)/(2 - 15/12). Let d be (q/6)/((-4)/6). Give a(d).
-5
Let n(z) = -z**2 + 9*z + 5. Let t(i) = -i**2 + 8*i + 3. Let y be t(7). Let c be n(y). Let r(g) = -g**3 - 5*g**2 - 2*g - 6. Give r(c).
4
Let q(r) = -r**2 + 7*r - 7. Let p be q(3). Let h(b) = b - 7. Give h(p).
-2
Suppose c = -3*c + j - 20, 4*c + 2*j = -20. Let k(l) = l**3 + 4*l**2 - 3*l + 7. Calculate k(c).
-3
Let j(p) = p**3 + 4*p**2 + 3*p - 1. Suppose v = -4*v + 4*i - 27, 6 = -v + i. Calculate j(v).
-1
Let s(q) = -148*q + 3 + 0 + 143*q - q**2. Give s(-4).
7
Let c be 2 + (-1 + 1)/2. Let u(k) = -k**2 - 5*k**2 + 0*k - 6 + 6*k + k**3 - c*k. What is u(5)?
-11
Let i(k) = 7*k + 8. Let l(q) = 3*q + 4. Let w(n) = -2*i(n) + 5*l(n). Let j be (0 - -3 - 3)*1. Determine w(j).
4
Let q(s) = s**3 - 5*s**2 - s + 7. Let b(v) = -2*v - 8*v + 2*v - 6*v**2 + v**3 + 0*v**3 + 7. Let h be b(7). Suppose 0 = -4*i - h*i + 20. What is q(i)?
2
Suppose 6*m - 15 = m. Let a(f) = 2*f**3 - 5*f**2 + 4*f - 3. Determine a(m).
18
Let q(u) = -u + 2. Let y be (-4 - (-4 + 0))/1. Calculate q(y).
2
Suppose 36 = 3*l - 9. Suppose 0 = -t - 3*s + 9, -5*t + 0 = s - 3. Suppose t = 5*a - 0 - l. Let y(x) = x**3 - 2*x**2 - 2*x - 4. Determine y(a).
-1
Let b(a) be the third derivative of a**6/120 - a**5/10 + a**4/4 - a**3/6 + a**2. Suppose -12*y - 4 = -14*y. Suppose 5*g = 27 - y. Calculate b(g).
4
Let s(q) = 1. Let r(l) = -l**2 + 4*l - 5. Let c(o) = r(o) + 2*s(o). Let f be 0 + (-4)/((-4)/5). What is c(f)?
-8
Let o(d) = -20*d**3 - 2*d**2 + 1. Suppose 0 = 20*h - 16*h - 4. Give o(h).
-21
Let l = 4 + -2. Let h(u) = -6 - 2*u**3 + l + 6*u**3 - 3*u + 4*u**2 - 3*u**3. Determine h(-5).
-14
Let k(z) = -7*z + 5. Suppose b - 4*f - 22 = 0, -f = -5*b + 2*f + 42. Let v(g) = 20*g - 14. Let o(t) = b*v(t) + 17*k(t). Give o(3).
4
Let x(z) be the first derivative of -2 - 3*z + 3/2*z**2. Calculate x(3).
6
Let z(s) = -89*s**2 + 6*s - 4 + 90*s**2 - 3 + 4. What is z(-5)?
-8
Let i(p) = -96*p - 57. Let n(v) = -12*v - 7. Let s(x) = -4*i(x) + 33*n(x). What is s(-2)?
21
Let u(n) = -n - 10. Suppose -1 - 44 = 5*t + 5*l, -l + 3 = -t. Give u(t).
-4
Let x(z) = z + 3*z + 3 + 0*z + z**2. Let i be x(-3). Let y(w) = w - 5. Give y(i).
-5
Suppose -21 = -4*g - 2*z + 3*z, 4*g + 3*z - 33 = 0. Let j(m) = 3*m - 1 - 3 + 3 + g. Calculate j(-4).
-7
Let b(p) = p**3 + 6*p**2 - 6*p + 8. Let c be b(-7). Let w = -4 - -2. Let x be w + ((-2)/c - 0). Let a(u) = u + 8. What is a(x)?
4
Let r(l) = 2*l + 1. Let j(a) = 7*a + 3. Let q(i) = 3*j(i) - 8*r(i). Suppose -4*o = -5*h + 11, 2*o - 3*h + 1 + 6 = 0. Give q(o).
6
Let h be 0*((1 - -1) + -1). Suppose h = -2*m - 4*q - 2, -m = m - 2*q - 16. Let o(u) = u + 1. Let v(f) = -4*f - 4. Let a(r) = 5*o(r) + v(r). Give a(m).
6
Let s(d) = -d. Let y(p) = -p**2 + 8*p + 3. Let l(u) = 5*s(u) + y(u). What is l(3)?
3
Let p = -1 + -2. Let r be 6/p - 0 - -6. Let j be 2/(-10) + r/(-5). Let a(x) = -7*x**3 - 2*x**2 - 2*x - 1. Give a(j).
6
Let x(n) = 2*n**3 + 0*n**3 + 0*n**3 + 0*n**3. Suppose o = -2 + 1. What is x(o)?
-2
Let b(q) = q**2. Suppose -3*h = 3*x - 6, 0 = h + 2*h + x. What is b(h)?
1
Let y = 5 - 0. Let n(a) be the first derivative of -a**4/4 + 4*a**3/3 + 5*a**2/2 + 4*a - 11. Calculate n(y).
4
Let m = 9 + -5. Let v(g) = -3*g**2 - 15 + 2*g**2 + 18 + 4*g. Determine v(m).
3
Let v = 2 + -1. Suppose 5*n - 9 - v = 0. Let p(b) be the first derivative of -b**2/2 + b - 2. Determine p(n).
-1
Suppose 20 = -2*b - 3*b. Let i(